{"id":1553,"date":"2025-06-06T09:55:11","date_gmt":"2025-06-06T13:55:11","guid":{"rendered":"https:\/\/multiagua.cl\/quimicos\/?post_type=product&#038;p=1553"},"modified":"2025-06-06T09:55:53","modified_gmt":"2025-06-06T13:55:53","slug":"odo-matic-vpe","status":"publish","type":"product","link":"https:\/\/multiagua.cl\/quimicos\/producto\/odo-matic-vpe\/","title":{"rendered":"Odo Matic VPE"},"content":{"rendered":"","protected":false},"excerpt":{"rendered":"<h4 class=\"tbk__subtitle\">SISTEMA DESODORIZANTE PARA EL ESCAPE DE LA BOMBA DE SUCCI\u00d3N<\/h4>\n<p>El Sistema Desodorizante para el escape de la Bomba de Succi\u00f3n Odo-Matic VPE est\u00e1 dise\u00f1ado para capturar, neutralizar y eliminar malos olores provenientes de la bomba de succi\u00f3n en camiones de bombeo de desechos l\u00edquidos.<\/p>\n<p>Nuestros tanques de filtro de aire est\u00e1n dise\u00f1ados para forzar al aire del escape maloliente a entrar en contacto con nuestro Desodorizante VPE el cual purifica el aire dej\u00e1ndolo libre de malos olores. Instale el tanque VPE en la l\u00ednea de escape despu\u00e9s del separador de aceites. Luego simplemente cargue la cantidad apropiada de desodorizante VPE liquido.<\/p>\n<h4 class=\"tbk__subtitle\">TANQUES DE ESCAPE VPE DISPONIBLES EN 3 TAMA\u00d1OS<\/h4>\n<ul>\n<li><span class=\"znListItems-text\"><strong>VPE Escapes de 2 pulgadas (peque\u00f1o)<\/strong><br \/>\n19\u201dL x 6\u201dW x 6\u201dH \u2013 tanque de 2 galones<\/span><\/li>\n<li><span class=\"znListItems-text\"><strong>VPE Escapes de 3 pulgadas (mediano)<\/strong><br \/>\n20\u201dL x 8\u201dW x 10\u201dH \u2013 tanque de 6 galones<\/span><\/li>\n<li><span class=\"znListItems-text\"><strong>VPE Escapes de 4 pulgadas (grande)<\/strong><br \/>\n24\u201dL x 12\u201dW x 12\u201dH \u2013 tanque de 14 galones<\/span><\/li>\n<\/ul>\n<h4 class=\"tbk__subtitle\">ODOMATIC VPE DESODORIZANTE LIQUIDO<\/h4>\n<ul>\n<li><span class=\"znListItems-text\">3.8 Litros.<\/span><\/li>\n<li><span class=\"znListItems-text\">19 Litros.<\/span><\/li>\n<\/ul>\n","protected":false},"featured_media":1597,"template":"","meta":[],"product_brand":[],"product_cat":[85],"product_tag":[],"class_list":{"0":"post-1553","1":"product","2":"type-product","3":"status-publish","4":"has-post-thumbnail","6":"product_cat-productos-complementarios","8":"first","9":"instock","10":"shipping-taxable","11":"product-type-simple"},"yoast_head":"<!-- This site is optimized with the Yoast SEO Premium plugin v27.1 (Yoast SEO v27.2) - https:\/\/yoast.com\/product\/yoast-seo-premium-wordpress\/ -->\n<title>Odo Matic VPE - Multiagua Qu\u00edmicos<\/title>\n<meta name=\"robots\" content=\"index, follow, max-snippet:-1, max-image-preview:large, max-video-preview:-1\" \/>\n<link rel=\"canonical\" href=\"https:\/\/multiagua.cl\/quimicos\/producto\/odo-matic-vpe\/\" \/>\n<meta property=\"og:locale\" content=\"es_ES\" \/>\n<meta property=\"og:type\" content=\"article\" \/>\n<meta property=\"og:title\" content=\"Odo Matic VPE\" \/>\n<meta property=\"og:description\" content=\"SISTEMA DESODORIZANTE PARA EL ESCAPE DE LA BOMBA DE SUCCI\u00d3N El Sistema Desodorizante para el escape de la Bomba de Succi\u00f3n Odo-Matic VPE est\u00e1 dise\u00f1ado para capturar, neutralizar y eliminar malos olores provenientes de la bomba de succi\u00f3n en camiones de bombeo de desechos l\u00edquidos.  Nuestros tanques de filtro de aire est\u00e1n dise\u00f1ados para forzar al aire del escape maloliente a entrar en contacto con nuestro Desodorizante VPE el cual purifica el aire dej\u00e1ndolo libre de malos olores. Instale el tanque VPE en la l\u00ednea de escape despu\u00e9s del separador de aceites. Luego simplemente cargue la cantidad apropiada de desodorizante VPE liquido. TANQUES DE ESCAPE VPE DISPONIBLES EN 3 TAMA\u00d1OS   VPE Escapes de 2 pulgadas (peque\u00f1o) 19\u201dL x 6\u201dW x 6\u201dH \u2013 tanque de 2 galones  VPE Escapes de 3 pulgadas (mediano) 20\u201dL x 8\u201dW x 10\u201dH \u2013 tanque de 6 galones  VPE Escapes de 4 pulgadas (grande) 24\u201dL x 12\u201dW x 12\u201dH \u2013 tanque de 14 galones  ODOMATIC VPE DESODORIZANTE LIQUIDO   3.8 Litros.  19 Litros.\" \/>\n<meta property=\"og:url\" content=\"https:\/\/multiagua.cl\/quimicos\/producto\/odo-matic-vpe\/\" \/>\n<meta property=\"og:site_name\" content=\"Multiagua Qu\u00edmicos\" \/>\n<meta property=\"article:modified_time\" content=\"2025-06-06T13:55:53+00:00\" \/>\n<meta property=\"og:image\" content=\"https:\/\/multiagua.cl\/quimicos\/wp-content\/uploads\/2025\/06\/odo-matic-prod.jpg\" \/>\n\t<meta property=\"og:image:width\" content=\"1000\" \/>\n\t<meta property=\"og:image:height\" content=\"1000\" \/>\n\t<meta property=\"og:image:type\" content=\"image\/jpeg\" \/>\n<meta name=\"twitter:card\" content=\"summary_large_image\" \/>\n<meta name=\"twitter:label1\" content=\"Tiempo de lectura\" \/>\n\t<meta name=\"twitter:data1\" content=\"1 minuto\" \/>\n<script type=\"application\/ld+json\" class=\"yoast-schema-graph\">{\"@context\":\"https:\/\/schema.org\",\"@graph\":[{\"@type\":\"WebPage\",\"@id\":\"https:\/\/multiagua.cl\/quimicos\/producto\/odo-matic-vpe\/\",\"url\":\"https:\/\/multiagua.cl\/quimicos\/producto\/odo-matic-vpe\/\",\"name\":\"Odo Matic VPE - Multiagua Qu\u00edmicos\",\"isPartOf\":{\"@id\":\"https:\/\/multiagua.cl\/quimicos\/#website\"},\"primaryImageOfPage\":{\"@id\":\"https:\/\/multiagua.cl\/quimicos\/producto\/odo-matic-vpe\/#primaryimage\"},\"image\":{\"@id\":\"https:\/\/multiagua.cl\/quimicos\/producto\/odo-matic-vpe\/#primaryimage\"},\"thumbnailUrl\":\"https:\/\/multiagua.cl\/quimicos\/wp-content\/uploads\/2025\/06\/odo-matic-prod.jpg\",\"datePublished\":\"2025-06-06T13:55:11+00:00\",\"dateModified\":\"2025-06-06T13:55:53+00:00\",\"breadcrumb\":{\"@id\":\"https:\/\/multiagua.cl\/quimicos\/producto\/odo-matic-vpe\/#breadcrumb\"},\"inLanguage\":\"es\",\"potentialAction\":[{\"@type\":\"ReadAction\",\"target\":[\"https:\/\/multiagua.cl\/quimicos\/producto\/odo-matic-vpe\/\"]}]},{\"@type\":\"ImageObject\",\"inLanguage\":\"es\",\"@id\":\"https:\/\/multiagua.cl\/quimicos\/producto\/odo-matic-vpe\/#primaryimage\",\"url\":\"https:\/\/multiagua.cl\/quimicos\/wp-content\/uploads\/2025\/06\/odo-matic-prod.jpg\",\"contentUrl\":\"https:\/\/multiagua.cl\/quimicos\/wp-content\/uploads\/2025\/06\/odo-matic-prod.jpg\",\"width\":1000,\"height\":1000},{\"@type\":\"BreadcrumbList\",\"@id\":\"https:\/\/multiagua.cl\/quimicos\/producto\/odo-matic-vpe\/#breadcrumb\",\"itemListElement\":[{\"@type\":\"ListItem\",\"position\":1,\"name\":\"Portada\",\"item\":\"https:\/\/multiagua.cl\/quimicos\/\"},{\"@type\":\"ListItem\",\"position\":2,\"name\":\"Productos\",\"item\":\"https:\/\/multiagua.cl\/quimicos\/tienda\/\"},{\"@type\":\"ListItem\",\"position\":3,\"name\":\"Odo Matic VPE\"}]},{\"@type\":\"WebSite\",\"@id\":\"https:\/\/multiagua.cl\/quimicos\/#website\",\"url\":\"https:\/\/multiagua.cl\/quimicos\/\",\"name\":\"Multiagua Qu\u00edmicos\",\"description\":\"Desodorantes para ba\u00f1os quimicos y sanitarios portatiles\",\"potentialAction\":[{\"@type\":\"SearchAction\",\"target\":{\"@type\":\"EntryPoint\",\"urlTemplate\":\"https:\/\/multiagua.cl\/quimicos\/?s={search_term_string}\"},\"query-input\":{\"@type\":\"PropertyValueSpecification\",\"valueRequired\":true,\"valueName\":\"search_term_string\"}}],\"inLanguage\":\"es\"}]}<\/script>\n<!-- \/ Yoast SEO Premium plugin. -->","yoast_head_json":{"title":"Odo Matic VPE - Multiagua Qu\u00edmicos","robots":{"index":"index","follow":"follow","max-snippet":"max-snippet:-1","max-image-preview":"max-image-preview:large","max-video-preview":"max-video-preview:-1"},"canonical":"https:\/\/multiagua.cl\/quimicos\/producto\/odo-matic-vpe\/","og_locale":"es_ES","og_type":"article","og_title":"Odo Matic VPE","og_description":"SISTEMA DESODORIZANTE PARA EL ESCAPE DE LA BOMBA DE SUCCI\u00d3N El Sistema Desodorizante para el escape de la Bomba de Succi\u00f3n Odo-Matic VPE est\u00e1 dise\u00f1ado para capturar, neutralizar y eliminar malos olores provenientes de la bomba de succi\u00f3n en camiones de bombeo de desechos l\u00edquidos.  Nuestros tanques de filtro de aire est\u00e1n dise\u00f1ados para forzar al aire del escape maloliente a entrar en contacto con nuestro Desodorizante VPE el cual purifica el aire dej\u00e1ndolo libre de malos olores. Instale el tanque VPE en la l\u00ednea de escape despu\u00e9s del separador de aceites. Luego simplemente cargue la cantidad apropiada de desodorizante VPE liquido. TANQUES DE ESCAPE VPE DISPONIBLES EN 3 TAMA\u00d1OS   VPE Escapes de 2 pulgadas (peque\u00f1o) 19\u201dL x 6\u201dW x 6\u201dH \u2013 tanque de 2 galones  VPE Escapes de 3 pulgadas (mediano) 20\u201dL x 8\u201dW x 10\u201dH \u2013 tanque de 6 galones  VPE Escapes de 4 pulgadas (grande) 24\u201dL x 12\u201dW x 12\u201dH \u2013 tanque de 14 galones  ODOMATIC VPE DESODORIZANTE LIQUIDO   3.8 Litros.  19 Litros.","og_url":"https:\/\/multiagua.cl\/quimicos\/producto\/odo-matic-vpe\/","og_site_name":"Multiagua Qu\u00edmicos","article_modified_time":"2025-06-06T13:55:53+00:00","og_image":[{"width":1000,"height":1000,"url":"https:\/\/multiagua.cl\/quimicos\/wp-content\/uploads\/2025\/06\/odo-matic-prod.jpg","type":"image\/jpeg"}],"twitter_card":"summary_large_image","twitter_misc":{"Tiempo de lectura":"1 minuto"},"schema":{"@context":"https:\/\/schema.org","@graph":[{"@type":"WebPage","@id":"https:\/\/multiagua.cl\/quimicos\/producto\/odo-matic-vpe\/","url":"https:\/\/multiagua.cl\/quimicos\/producto\/odo-matic-vpe\/","name":"Odo Matic VPE - Multiagua Qu\u00edmicos","isPartOf":{"@id":"https:\/\/multiagua.cl\/quimicos\/#website"},"primaryImageOfPage":{"@id":"https:\/\/multiagua.cl\/quimicos\/producto\/odo-matic-vpe\/#primaryimage"},"image":{"@id":"https:\/\/multiagua.cl\/quimicos\/producto\/odo-matic-vpe\/#primaryimage"},"thumbnailUrl":"https:\/\/multiagua.cl\/quimicos\/wp-content\/uploads\/2025\/06\/odo-matic-prod.jpg","datePublished":"2025-06-06T13:55:11+00:00","dateModified":"2025-06-06T13:55:53+00:00","breadcrumb":{"@id":"https:\/\/multiagua.cl\/quimicos\/producto\/odo-matic-vpe\/#breadcrumb"},"inLanguage":"es","potentialAction":[{"@type":"ReadAction","target":["https:\/\/multiagua.cl\/quimicos\/producto\/odo-matic-vpe\/"]}]},{"@type":"ImageObject","inLanguage":"es","@id":"https:\/\/multiagua.cl\/quimicos\/producto\/odo-matic-vpe\/#primaryimage","url":"https:\/\/multiagua.cl\/quimicos\/wp-content\/uploads\/2025\/06\/odo-matic-prod.jpg","contentUrl":"https:\/\/multiagua.cl\/quimicos\/wp-content\/uploads\/2025\/06\/odo-matic-prod.jpg","width":1000,"height":1000},{"@type":"BreadcrumbList","@id":"https:\/\/multiagua.cl\/quimicos\/producto\/odo-matic-vpe\/#breadcrumb","itemListElement":[{"@type":"ListItem","position":1,"name":"Portada","item":"https:\/\/multiagua.cl\/quimicos\/"},{"@type":"ListItem","position":2,"name":"Productos","item":"https:\/\/multiagua.cl\/quimicos\/tienda\/"},{"@type":"ListItem","position":3,"name":"Odo Matic VPE"}]},{"@type":"WebSite","@id":"https:\/\/multiagua.cl\/quimicos\/#website","url":"https:\/\/multiagua.cl\/quimicos\/","name":"Multiagua Qu\u00edmicos","description":"Desodorantes para ba\u00f1os quimicos y sanitarios portatiles","potentialAction":[{"@type":"SearchAction","target":{"@type":"EntryPoint","urlTemplate":"https:\/\/multiagua.cl\/quimicos\/?s={search_term_string}"},"query-input":{"@type":"PropertyValueSpecification","valueRequired":true,"valueName":"search_term_string"}}],"inLanguage":"es"}]}},"_links":{"self":[{"href":"https:\/\/multiagua.cl\/quimicos\/wp-json\/wp\/v2\/product\/1553","targetHints":{"allow":["GET"]}}],"collection":[{"href":"https:\/\/multiagua.cl\/quimicos\/wp-json\/wp\/v2\/product"}],"about":[{"href":"https:\/\/multiagua.cl\/quimicos\/wp-json\/wp\/v2\/types\/product"}],"version-history":[{"count":1,"href":"https:\/\/multiagua.cl\/quimicos\/wp-json\/wp\/v2\/product\/1553\/revisions"}],"predecessor-version":[{"id":1598,"href":"https:\/\/multiagua.cl\/quimicos\/wp-json\/wp\/v2\/product\/1553\/revisions\/1598"}],"wp:featuredmedia":[{"embeddable":true,"href":"https:\/\/multiagua.cl\/quimicos\/wp-json\/wp\/v2\/media\/1597"}],"wp:attachment":[{"href":"https:\/\/multiagua.cl\/quimicos\/wp-json\/wp\/v2\/media?parent=1553"}],"wp:term":[{"taxonomy":"product_brand","embeddable":true,"href":"https:\/\/multiagua.cl\/quimicos\/wp-json\/wp\/v2\/product_brand?post=1553"},{"taxonomy":"product_cat","embeddable":true,"href":"https:\/\/multiagua.cl\/quimicos\/wp-json\/wp\/v2\/product_cat?post=1553"},{"taxonomy":"product_tag","embeddable":true,"href":"https:\/\/multiagua.cl\/quimicos\/wp-json\/wp\/v2\/product_tag?post=1553"}],"curies":[{"name":"wp","href":"https:\/\/api.w.org\/{rel}","templated":true}]}}