{"id":1548,"date":"2025-06-06T09:55:10","date_gmt":"2025-06-06T13:55:10","guid":{"rendered":"https:\/\/multiagua.cl\/quimicos\/?post_type=product&#038;p=1548"},"modified":"2025-06-06T09:55:40","modified_gmt":"2025-06-06T13:55:40","slug":"j-spray-xt","status":"publish","type":"product","link":"https:\/\/multiagua.cl\/quimicos\/producto\/j-spray-xt\/","title":{"rendered":"J &#8211; Spray XT"},"content":{"rendered":"","protected":false},"excerpt":{"rendered":"<div class=\"kl-title-block clearfix tbk--text- tbk--left text-left tbk-symbol-- tbk-icon-pos--after-title eluid723e3361 \">\n<p data-start=\"146\" data-end=\"219\"><strong data-start=\"146\" data-end=\"219\">Rociador para Mejora de Fragancia y Soluci\u00f3n de Enjuague \u2013 J-Spray XT<\/strong><\/p>\n<p data-start=\"221\" data-end=\"479\"><strong data-start=\"221\" data-end=\"235\">J-Spray XT<\/strong> ofrece un control de olores superior y duradero para sanitarios port\u00e1tiles, dejando una fragancia fresca que se mantiene por d\u00edas.<br data-start=\"366\" data-end=\"369\" \/>Ideal para usar como rociador de superficie o como soluci\u00f3n de enjuague al agregarlo al tanque de agua limpia.<\/p>\n<p data-start=\"481\" data-end=\"607\"><strong data-start=\"481\" data-end=\"511\">Modo de uso como enjuague:<\/strong><br data-start=\"511\" data-end=\"514\" \/>Agregue de <strong data-start=\"525\" data-end=\"574\">30 a 60 ml por cada 300 litros de agua limpia<\/strong> para obtener resultados \u00f3ptimos.<\/p>\n<p data-start=\"609\" data-end=\"642\"><strong data-start=\"609\" data-end=\"640\">Presentaciones disponibles:<\/strong><\/p>\n<\/div>\n<div class=\"zn_custom_container eluide904eb5a smart-cnt--default clearfix\">\n<div class=\"row zn_col_container-smart_container \">\n<div id=\"eluidf7e4b351\" class=\"eluidf7e4b351 col-md-6 col-sm-6 znColumnElement\">\n<div class=\"znColumnElement-innerWrapper-eluidf7e4b351 znColumnElement-innerWrapper znColumnElement-innerWrapper--valign-top znColumnElement-innerWrapper--halign-left \">\n<div class=\"znColumnElement-innerContent\">\n<div class=\"znList eluid1ca5aba3 text-left znList-icon--left elm-znlist--light element-scheme--light\">\n<ul>\n<li><span class=\"znListItems-text\"><strong>3.8 Litros<\/strong><\/span><\/li>\n<\/ul>\n<\/div>\n<\/div>\n<\/div>\n<\/div>\n<\/div>\n<\/div>\n<h3>\u00a1Consulta por fragancias y formatos disponibles!<\/h3>\n<p><img loading=\"lazy\" decoding=\"async\" class=\"alignnone wp-image-1840 size-full\" src=\"https:\/\/ecoportable.cl\/wp-content\/uploads\/2024\/04\/pixelcut-export-2025-05-13T180421.143.png\" alt=\"\" width=\"1809\" height=\"1080\" \/><\/p>\n","protected":false},"featured_media":1586,"template":"","meta":[],"product_brand":[],"product_cat":[59],"product_tag":[],"class_list":{"0":"post-1548","1":"product","2":"type-product","3":"status-publish","4":"has-post-thumbnail","6":"product_cat-potenciadores-de-fragancia","8":"first","9":"instock","10":"shipping-taxable","11":"product-type-simple"},"yoast_head":"<!-- This site is optimized with the Yoast SEO Premium plugin v27.1 (Yoast SEO v27.2) - https:\/\/yoast.com\/product\/yoast-seo-premium-wordpress\/ -->\n<title>J - Spray XT - Multiagua Qu\u00edmicos<\/title>\n<meta name=\"robots\" content=\"index, follow, max-snippet:-1, max-image-preview:large, max-video-preview:-1\" \/>\n<link rel=\"canonical\" href=\"https:\/\/multiagua.cl\/quimicos\/producto\/j-spray-xt\/\" \/>\n<meta property=\"og:locale\" content=\"es_ES\" \/>\n<meta property=\"og:type\" content=\"article\" \/>\n<meta property=\"og:title\" content=\"J - Spray XT\" \/>\n<meta property=\"og:description\" content=\"Rociador para Mejora de Fragancia y Soluci\u00f3n de Enjuague \u2013 J-Spray XT J-Spray XT ofrece un control de olores superior y duradero para sanitarios port\u00e1tiles, dejando una fragancia fresca que se mantiene por d\u00edas.Ideal para usar como rociador de superficie o como soluci\u00f3n de enjuague al agregarlo al tanque de agua limpia. Modo de uso como enjuague:Agregue de 30 a 60 ml por cada 300 litros de agua limpia para obtener resultados \u00f3ptimos. Presentaciones disponibles:           3.8 Litros        \u00a1Consulta por fragancias y formatos disponibles!\" \/>\n<meta property=\"og:url\" content=\"https:\/\/multiagua.cl\/quimicos\/producto\/j-spray-xt\/\" \/>\n<meta property=\"og:site_name\" content=\"Multiagua Qu\u00edmicos\" \/>\n<meta property=\"article:modified_time\" content=\"2025-06-06T13:55:40+00:00\" \/>\n<meta property=\"og:image\" content=\"https:\/\/multiagua.cl\/quimicos\/wp-content\/uploads\/2025\/06\/j-spray-xt-2.jpg\" \/>\n\t<meta property=\"og:image:width\" content=\"942\" \/>\n\t<meta property=\"og:image:height\" content=\"766\" \/>\n\t<meta property=\"og:image:type\" content=\"image\/jpeg\" \/>\n<meta name=\"twitter:card\" content=\"summary_large_image\" \/>\n<meta name=\"twitter:label1\" content=\"Tiempo de lectura\" \/>\n\t<meta name=\"twitter:data1\" content=\"1 minuto\" \/>\n<script type=\"application\/ld+json\" class=\"yoast-schema-graph\">{\"@context\":\"https:\/\/schema.org\",\"@graph\":[{\"@type\":\"WebPage\",\"@id\":\"https:\/\/multiagua.cl\/quimicos\/producto\/j-spray-xt\/\",\"url\":\"https:\/\/multiagua.cl\/quimicos\/producto\/j-spray-xt\/\",\"name\":\"J - Spray XT - Multiagua Qu\u00edmicos\",\"isPartOf\":{\"@id\":\"https:\/\/multiagua.cl\/quimicos\/#website\"},\"primaryImageOfPage\":{\"@id\":\"https:\/\/multiagua.cl\/quimicos\/producto\/j-spray-xt\/#primaryimage\"},\"image\":{\"@id\":\"https:\/\/multiagua.cl\/quimicos\/producto\/j-spray-xt\/#primaryimage\"},\"thumbnailUrl\":\"https:\/\/multiagua.cl\/quimicos\/wp-content\/uploads\/2025\/06\/j-spray-xt-2.jpg\",\"datePublished\":\"2025-06-06T13:55:10+00:00\",\"dateModified\":\"2025-06-06T13:55:40+00:00\",\"breadcrumb\":{\"@id\":\"https:\/\/multiagua.cl\/quimicos\/producto\/j-spray-xt\/#breadcrumb\"},\"inLanguage\":\"es\",\"potentialAction\":[{\"@type\":\"ReadAction\",\"target\":[\"https:\/\/multiagua.cl\/quimicos\/producto\/j-spray-xt\/\"]}]},{\"@type\":\"ImageObject\",\"inLanguage\":\"es\",\"@id\":\"https:\/\/multiagua.cl\/quimicos\/producto\/j-spray-xt\/#primaryimage\",\"url\":\"https:\/\/multiagua.cl\/quimicos\/wp-content\/uploads\/2025\/06\/j-spray-xt-2.jpg\",\"contentUrl\":\"https:\/\/multiagua.cl\/quimicos\/wp-content\/uploads\/2025\/06\/j-spray-xt-2.jpg\",\"width\":942,\"height\":766},{\"@type\":\"BreadcrumbList\",\"@id\":\"https:\/\/multiagua.cl\/quimicos\/producto\/j-spray-xt\/#breadcrumb\",\"itemListElement\":[{\"@type\":\"ListItem\",\"position\":1,\"name\":\"Portada\",\"item\":\"https:\/\/multiagua.cl\/quimicos\/\"},{\"@type\":\"ListItem\",\"position\":2,\"name\":\"Productos\",\"item\":\"https:\/\/multiagua.cl\/quimicos\/tienda\/\"},{\"@type\":\"ListItem\",\"position\":3,\"name\":\"J &#8211; Spray XT\"}]},{\"@type\":\"WebSite\",\"@id\":\"https:\/\/multiagua.cl\/quimicos\/#website\",\"url\":\"https:\/\/multiagua.cl\/quimicos\/\",\"name\":\"Multiagua Qu\u00edmicos\",\"description\":\"Desodorantes para ba\u00f1os quimicos y sanitarios portatiles\",\"potentialAction\":[{\"@type\":\"SearchAction\",\"target\":{\"@type\":\"EntryPoint\",\"urlTemplate\":\"https:\/\/multiagua.cl\/quimicos\/?s={search_term_string}\"},\"query-input\":{\"@type\":\"PropertyValueSpecification\",\"valueRequired\":true,\"valueName\":\"search_term_string\"}}],\"inLanguage\":\"es\"}]}<\/script>\n<!-- \/ Yoast SEO Premium plugin. -->","yoast_head_json":{"title":"J - Spray XT - Multiagua Qu\u00edmicos","robots":{"index":"index","follow":"follow","max-snippet":"max-snippet:-1","max-image-preview":"max-image-preview:large","max-video-preview":"max-video-preview:-1"},"canonical":"https:\/\/multiagua.cl\/quimicos\/producto\/j-spray-xt\/","og_locale":"es_ES","og_type":"article","og_title":"J - Spray XT","og_description":"Rociador para Mejora de Fragancia y Soluci\u00f3n de Enjuague \u2013 J-Spray XT J-Spray XT ofrece un control de olores superior y duradero para sanitarios port\u00e1tiles, dejando una fragancia fresca que se mantiene por d\u00edas.Ideal para usar como rociador de superficie o como soluci\u00f3n de enjuague al agregarlo al tanque de agua limpia. Modo de uso como enjuague:Agregue de 30 a 60 ml por cada 300 litros de agua limpia para obtener resultados \u00f3ptimos. Presentaciones disponibles:           3.8 Litros        \u00a1Consulta por fragancias y formatos disponibles!","og_url":"https:\/\/multiagua.cl\/quimicos\/producto\/j-spray-xt\/","og_site_name":"Multiagua Qu\u00edmicos","article_modified_time":"2025-06-06T13:55:40+00:00","og_image":[{"width":942,"height":766,"url":"https:\/\/multiagua.cl\/quimicos\/wp-content\/uploads\/2025\/06\/j-spray-xt-2.jpg","type":"image\/jpeg"}],"twitter_card":"summary_large_image","twitter_misc":{"Tiempo de lectura":"1 minuto"},"schema":{"@context":"https:\/\/schema.org","@graph":[{"@type":"WebPage","@id":"https:\/\/multiagua.cl\/quimicos\/producto\/j-spray-xt\/","url":"https:\/\/multiagua.cl\/quimicos\/producto\/j-spray-xt\/","name":"J - Spray XT - Multiagua Qu\u00edmicos","isPartOf":{"@id":"https:\/\/multiagua.cl\/quimicos\/#website"},"primaryImageOfPage":{"@id":"https:\/\/multiagua.cl\/quimicos\/producto\/j-spray-xt\/#primaryimage"},"image":{"@id":"https:\/\/multiagua.cl\/quimicos\/producto\/j-spray-xt\/#primaryimage"},"thumbnailUrl":"https:\/\/multiagua.cl\/quimicos\/wp-content\/uploads\/2025\/06\/j-spray-xt-2.jpg","datePublished":"2025-06-06T13:55:10+00:00","dateModified":"2025-06-06T13:55:40+00:00","breadcrumb":{"@id":"https:\/\/multiagua.cl\/quimicos\/producto\/j-spray-xt\/#breadcrumb"},"inLanguage":"es","potentialAction":[{"@type":"ReadAction","target":["https:\/\/multiagua.cl\/quimicos\/producto\/j-spray-xt\/"]}]},{"@type":"ImageObject","inLanguage":"es","@id":"https:\/\/multiagua.cl\/quimicos\/producto\/j-spray-xt\/#primaryimage","url":"https:\/\/multiagua.cl\/quimicos\/wp-content\/uploads\/2025\/06\/j-spray-xt-2.jpg","contentUrl":"https:\/\/multiagua.cl\/quimicos\/wp-content\/uploads\/2025\/06\/j-spray-xt-2.jpg","width":942,"height":766},{"@type":"BreadcrumbList","@id":"https:\/\/multiagua.cl\/quimicos\/producto\/j-spray-xt\/#breadcrumb","itemListElement":[{"@type":"ListItem","position":1,"name":"Portada","item":"https:\/\/multiagua.cl\/quimicos\/"},{"@type":"ListItem","position":2,"name":"Productos","item":"https:\/\/multiagua.cl\/quimicos\/tienda\/"},{"@type":"ListItem","position":3,"name":"J &#8211; Spray XT"}]},{"@type":"WebSite","@id":"https:\/\/multiagua.cl\/quimicos\/#website","url":"https:\/\/multiagua.cl\/quimicos\/","name":"Multiagua Qu\u00edmicos","description":"Desodorantes para ba\u00f1os quimicos y sanitarios portatiles","potentialAction":[{"@type":"SearchAction","target":{"@type":"EntryPoint","urlTemplate":"https:\/\/multiagua.cl\/quimicos\/?s={search_term_string}"},"query-input":{"@type":"PropertyValueSpecification","valueRequired":true,"valueName":"search_term_string"}}],"inLanguage":"es"}]}},"_links":{"self":[{"href":"https:\/\/multiagua.cl\/quimicos\/wp-json\/wp\/v2\/product\/1548","targetHints":{"allow":["GET"]}}],"collection":[{"href":"https:\/\/multiagua.cl\/quimicos\/wp-json\/wp\/v2\/product"}],"about":[{"href":"https:\/\/multiagua.cl\/quimicos\/wp-json\/wp\/v2\/types\/product"}],"version-history":[{"count":1,"href":"https:\/\/multiagua.cl\/quimicos\/wp-json\/wp\/v2\/product\/1548\/revisions"}],"predecessor-version":[{"id":1587,"href":"https:\/\/multiagua.cl\/quimicos\/wp-json\/wp\/v2\/product\/1548\/revisions\/1587"}],"wp:featuredmedia":[{"embeddable":true,"href":"https:\/\/multiagua.cl\/quimicos\/wp-json\/wp\/v2\/media\/1586"}],"wp:attachment":[{"href":"https:\/\/multiagua.cl\/quimicos\/wp-json\/wp\/v2\/media?parent=1548"}],"wp:term":[{"taxonomy":"product_brand","embeddable":true,"href":"https:\/\/multiagua.cl\/quimicos\/wp-json\/wp\/v2\/product_brand?post=1548"},{"taxonomy":"product_cat","embeddable":true,"href":"https:\/\/multiagua.cl\/quimicos\/wp-json\/wp\/v2\/product_cat?post=1548"},{"taxonomy":"product_tag","embeddable":true,"href":"https:\/\/multiagua.cl\/quimicos\/wp-json\/wp\/v2\/product_tag?post=1548"}],"curies":[{"name":"wp","href":"https:\/\/api.w.org\/{rel}","templated":true}]}}