{"id":1541,"date":"2025-06-06T09:55:05","date_gmt":"2025-06-06T13:55:05","guid":{"rendered":"https:\/\/multiagua.cl\/quimicos\/?post_type=product&#038;p=1541"},"modified":"2025-07-28T16:01:27","modified_gmt":"2025-07-28T20:01:27","slug":"truex-elite-liquid-series","status":"publish","type":"product","link":"https:\/\/multiagua.cl\/quimicos\/producto\/truex-elite-liquid-series\/","title":{"rendered":"Truex Elite Liquid Series"},"content":{"rendered":"","protected":false},"excerpt":{"rendered":"<h4 class=\"tbk__subtitle\">Odor Crushing Technology Para cada Aplicaci\u00f3n<\/h4>\n<p>Los desodorizantes Truex Elite proveen un potente control de malos olores absoluto para los sanitarios port\u00e1tiles en las condiciones m\u00e1s extremas. Su avanzada formula trabaja continuamente descomponiendo el desecho y el papel para reducir amontonamiento para un mejor control de malos olores.<\/p>\n<div id=\"eluid6eb16591\" class=\"eluid6eb16591 col-md-6 col-sm-6 znColumnElement\">\n<div class=\"znColumnElement-innerWrapper-eluid6eb16591 znColumnElement-innerWrapper znColumnElement-innerWrapper--valign-top znColumnElement-innerWrapper--halign-left \">\n<div class=\"znColumnElement-innerContent\">\n<div class=\"znList eluid00435875 text-left znList-icon--left elm-znlist--light element-scheme--light\">\n<ul>\n<li><span class=\"znListItems-text\">F\u00f3rmula Avanzada con Tecnolog\u00eda que Abruma los malos olores continuamente.<\/span><\/li>\n<li><span class=\"znListItems-text\">Descompone el Desecho y el Papel.<\/span><\/li>\n<li><span class=\"znListItems-text\">Reduce el Amontonamiento.<\/span><\/li>\n<li><span class=\"znListItems-text\">Color Azul Profundo.<\/span><\/li>\n<li><span class=\"znListItems-text\">Desempe\u00f1o Garantizado.<\/span><\/li>\n<\/ul>\n<\/div>\n<\/div>\n<\/div>\n<\/div>\n<h4>TRUEX ELITE 345<\/h4>\n<ul>\n<li><span class=\"znListItems-text\">Desempe\u00f1o Superior.<\/span><\/li>\n<li><span class=\"znListItems-text\">Eficiente en costos para condiciones moderadas de alto uso.<\/span><\/li>\n<li><span class=\"znListItems-text\">1-3 onzas (30-90 ml) por servicio.<\/span><\/li>\n<\/ul>\n<p>&nbsp;<\/p>\n<h3>Formatos disponibles:<\/h3>\n<ul>\n<li>\n<h5>Bid\u00f3n de 3.8 Litros.<\/h5>\n<\/li>\n<li>\n<h5>Bid\u00f3n 27 Litros.<\/h5>\n<\/li>\n<li>\n<h5>Barril de\u00a0 209 Litros.<\/h5>\n<\/li>\n<li>\n<h5>Estanque IBC de 1041 Litros.<\/h5>\n<\/li>\n<\/ul>\n<h2>\u00a1Te ense\u00f1amos c\u00f3mo utilizar nuestros productos paso a paso!<\/h2>\n<h3>Paso N\u00b0 1:<\/h3>\n<h4>Debes llenar el estanque con 20 litros de agua limpia.<\/h4>\n<p><img loading=\"lazy\" decoding=\"async\" class=\"wp-image-1557 aligncenter\" src=\"https:\/\/ecoportable.cl\/wp-content\/uploads\/2024\/04\/Untitled-design-31.webp\" alt=\"\" width=\"372\" height=\"255\" \/><\/p>\n<h3>Paso N\u00b0 2:<\/h3>\n<h4>Carga el estanque con la dosis correcta de TRUEX.<\/h4>\n<h4>\u00a1Recuerde consultar con nuestros vendedores sobre la dosis que debas utilizar!<\/h4>\n<p><img loading=\"lazy\" decoding=\"async\" class=\"wp-image-1559 aligncenter\" src=\"https:\/\/ecoportable.cl\/wp-content\/uploads\/2024\/04\/Untitled-design-36.webp\" alt=\"\" width=\"371\" height=\"254\" \/><\/p>\n<h3>Paso N\u00b0 3:<\/h3>\n<h4>El producto liberar\u00e1 una fragancia agradable seg\u00fan el aroma elegido, mientras el agua adquiere un tono azul oscuro que oculta los residuos en el interior del estanque y ayuda a disgregar el contenido, facilitando su extracci\u00f3n.<\/h4>\n<p><img loading=\"lazy\" decoding=\"async\" class=\"wp-image-1636 aligncenter\" src=\"https:\/\/ecoportable.cl\/wp-content\/uploads\/2024\/04\/Untitled-design-351-ezgif.com-gif-to-webp-converter.webp\" alt=\"\" width=\"371\" height=\"254\" \/><\/p>\n","protected":false},"featured_media":1814,"template":"","meta":[],"product_brand":[],"product_cat":[83],"product_tag":[],"class_list":{"0":"post-1541","1":"product","2":"type-product","3":"status-publish","4":"has-post-thumbnail","6":"product_cat-liquidos-disgregantes","8":"first","9":"instock","10":"shipping-taxable","11":"product-type-simple"},"yoast_head":"<!-- This site is optimized with the Yoast SEO Premium plugin v27.1 (Yoast SEO v27.2) - https:\/\/yoast.com\/product\/yoast-seo-premium-wordpress\/ -->\n<title>Truex Elite Liquid Series - Multiagua Qu\u00edmicos<\/title>\n<meta name=\"robots\" content=\"index, follow, max-snippet:-1, max-image-preview:large, max-video-preview:-1\" \/>\n<link rel=\"canonical\" href=\"https:\/\/multiagua.cl\/quimicos\/producto\/truex-elite-liquid-series\/\" \/>\n<meta property=\"og:locale\" content=\"es_ES\" \/>\n<meta property=\"og:type\" content=\"article\" \/>\n<meta property=\"og:title\" content=\"Truex Elite Liquid Series\" \/>\n<meta property=\"og:description\" content=\"Odor Crushing Technology Para cada Aplicaci\u00f3n Los desodorizantes Truex Elite proveen un potente control de malos olores absoluto para los sanitarios port\u00e1tiles en las condiciones m\u00e1s extremas. Su avanzada formula trabaja continuamente descomponiendo el desecho y el papel para reducir amontonamiento para un mejor control de malos olores.       F\u00f3rmula Avanzada con Tecnolog\u00eda que Abruma los malos olores continuamente.  Descompone el Desecho y el Papel.  Reduce el Amontonamiento.  Color Azul Profundo.  Desempe\u00f1o Garantizado.      TRUEX ELITE 345   Desempe\u00f1o Superior.  Eficiente en costos para condiciones moderadas de alto uso.  1-3 onzas (30-90 ml) por servicio.  &nbsp; Formatos disponibles:    Bid\u00f3n de 3.8 Litros.    Bid\u00f3n 27 Litros.    Barril de\u00a0 209 Litros.    Estanque IBC de 1041 Litros.   \u00a1Te ense\u00f1amos c\u00f3mo utilizar nuestros productos paso a paso! Paso N\u00b0 1: Debes llenar el estanque con 20 litros de agua limpia.  Paso N\u00b0 2: Carga el estanque con la dosis correcta de TRUEX. \u00a1Recuerde consultar con nuestros vendedores sobre la dosis que debas utilizar!  Paso N\u00b0 3: El producto liberar\u00e1 una fragancia agradable seg\u00fan el aroma elegido, mientras el agua adquiere un tono azul oscuro que oculta los residuos en el interior del estanque y ayuda a disgregar el contenido, facilitando su extracci\u00f3n.\" \/>\n<meta property=\"og:url\" content=\"https:\/\/multiagua.cl\/quimicos\/producto\/truex-elite-liquid-series\/\" \/>\n<meta property=\"og:site_name\" content=\"Multiagua Qu\u00edmicos\" \/>\n<meta property=\"article:modified_time\" content=\"2025-07-28T20:01:27+00:00\" \/>\n<meta property=\"og:image\" content=\"https:\/\/multiagua.cl\/quimicos\/wp-content\/uploads\/2025\/06\/pixelcut-export-2025-07-25T130931.446.png\" \/>\n\t<meta property=\"og:image:width\" content=\"1080\" \/>\n\t<meta property=\"og:image:height\" content=\"1080\" \/>\n\t<meta property=\"og:image:type\" content=\"image\/png\" \/>\n<meta name=\"twitter:card\" content=\"summary_large_image\" \/>\n<meta name=\"twitter:label1\" content=\"Tiempo de lectura\" \/>\n\t<meta name=\"twitter:data1\" content=\"1 minuto\" \/>\n<script type=\"application\/ld+json\" class=\"yoast-schema-graph\">{\"@context\":\"https:\/\/schema.org\",\"@graph\":[{\"@type\":\"WebPage\",\"@id\":\"https:\/\/multiagua.cl\/quimicos\/producto\/truex-elite-liquid-series\/\",\"url\":\"https:\/\/multiagua.cl\/quimicos\/producto\/truex-elite-liquid-series\/\",\"name\":\"Truex Elite Liquid Series - Multiagua Qu\u00edmicos\",\"isPartOf\":{\"@id\":\"https:\/\/multiagua.cl\/quimicos\/#website\"},\"primaryImageOfPage\":{\"@id\":\"https:\/\/multiagua.cl\/quimicos\/producto\/truex-elite-liquid-series\/#primaryimage\"},\"image\":{\"@id\":\"https:\/\/multiagua.cl\/quimicos\/producto\/truex-elite-liquid-series\/#primaryimage\"},\"thumbnailUrl\":\"https:\/\/multiagua.cl\/quimicos\/wp-content\/uploads\/2025\/06\/pixelcut-export-2025-07-25T130931.446.png\",\"datePublished\":\"2025-06-06T13:55:05+00:00\",\"dateModified\":\"2025-07-28T20:01:27+00:00\",\"breadcrumb\":{\"@id\":\"https:\/\/multiagua.cl\/quimicos\/producto\/truex-elite-liquid-series\/#breadcrumb\"},\"inLanguage\":\"es\",\"potentialAction\":[{\"@type\":\"ReadAction\",\"target\":[\"https:\/\/multiagua.cl\/quimicos\/producto\/truex-elite-liquid-series\/\"]}]},{\"@type\":\"ImageObject\",\"inLanguage\":\"es\",\"@id\":\"https:\/\/multiagua.cl\/quimicos\/producto\/truex-elite-liquid-series\/#primaryimage\",\"url\":\"https:\/\/multiagua.cl\/quimicos\/wp-content\/uploads\/2025\/06\/pixelcut-export-2025-07-25T130931.446.png\",\"contentUrl\":\"https:\/\/multiagua.cl\/quimicos\/wp-content\/uploads\/2025\/06\/pixelcut-export-2025-07-25T130931.446.png\",\"width\":1080,\"height\":1080},{\"@type\":\"BreadcrumbList\",\"@id\":\"https:\/\/multiagua.cl\/quimicos\/producto\/truex-elite-liquid-series\/#breadcrumb\",\"itemListElement\":[{\"@type\":\"ListItem\",\"position\":1,\"name\":\"Portada\",\"item\":\"https:\/\/multiagua.cl\/quimicos\/\"},{\"@type\":\"ListItem\",\"position\":2,\"name\":\"Productos\",\"item\":\"https:\/\/multiagua.cl\/quimicos\/tienda\/\"},{\"@type\":\"ListItem\",\"position\":3,\"name\":\"Truex Elite Liquid Series\"}]},{\"@type\":\"WebSite\",\"@id\":\"https:\/\/multiagua.cl\/quimicos\/#website\",\"url\":\"https:\/\/multiagua.cl\/quimicos\/\",\"name\":\"Multiagua Qu\u00edmicos\",\"description\":\"Desodorantes para ba\u00f1os quimicos y sanitarios portatiles\",\"potentialAction\":[{\"@type\":\"SearchAction\",\"target\":{\"@type\":\"EntryPoint\",\"urlTemplate\":\"https:\/\/multiagua.cl\/quimicos\/?s={search_term_string}\"},\"query-input\":{\"@type\":\"PropertyValueSpecification\",\"valueRequired\":true,\"valueName\":\"search_term_string\"}}],\"inLanguage\":\"es\"}]}<\/script>\n<!-- \/ Yoast SEO Premium plugin. -->","yoast_head_json":{"title":"Truex Elite Liquid Series - Multiagua Qu\u00edmicos","robots":{"index":"index","follow":"follow","max-snippet":"max-snippet:-1","max-image-preview":"max-image-preview:large","max-video-preview":"max-video-preview:-1"},"canonical":"https:\/\/multiagua.cl\/quimicos\/producto\/truex-elite-liquid-series\/","og_locale":"es_ES","og_type":"article","og_title":"Truex Elite Liquid Series","og_description":"Odor Crushing Technology Para cada Aplicaci\u00f3n Los desodorizantes Truex Elite proveen un potente control de malos olores absoluto para los sanitarios port\u00e1tiles en las condiciones m\u00e1s extremas. Su avanzada formula trabaja continuamente descomponiendo el desecho y el papel para reducir amontonamiento para un mejor control de malos olores.       F\u00f3rmula Avanzada con Tecnolog\u00eda que Abruma los malos olores continuamente.  Descompone el Desecho y el Papel.  Reduce el Amontonamiento.  Color Azul Profundo.  Desempe\u00f1o Garantizado.      TRUEX ELITE 345   Desempe\u00f1o Superior.  Eficiente en costos para condiciones moderadas de alto uso.  1-3 onzas (30-90 ml) por servicio.  &nbsp; Formatos disponibles:    Bid\u00f3n de 3.8 Litros.    Bid\u00f3n 27 Litros.    Barril de\u00a0 209 Litros.    Estanque IBC de 1041 Litros.   \u00a1Te ense\u00f1amos c\u00f3mo utilizar nuestros productos paso a paso! Paso N\u00b0 1: Debes llenar el estanque con 20 litros de agua limpia.  Paso N\u00b0 2: Carga el estanque con la dosis correcta de TRUEX. \u00a1Recuerde consultar con nuestros vendedores sobre la dosis que debas utilizar!  Paso N\u00b0 3: El producto liberar\u00e1 una fragancia agradable seg\u00fan el aroma elegido, mientras el agua adquiere un tono azul oscuro que oculta los residuos en el interior del estanque y ayuda a disgregar el contenido, facilitando su extracci\u00f3n.","og_url":"https:\/\/multiagua.cl\/quimicos\/producto\/truex-elite-liquid-series\/","og_site_name":"Multiagua Qu\u00edmicos","article_modified_time":"2025-07-28T20:01:27+00:00","og_image":[{"width":1080,"height":1080,"url":"https:\/\/multiagua.cl\/quimicos\/wp-content\/uploads\/2025\/06\/pixelcut-export-2025-07-25T130931.446.png","type":"image\/png"}],"twitter_card":"summary_large_image","twitter_misc":{"Tiempo de lectura":"1 minuto"},"schema":{"@context":"https:\/\/schema.org","@graph":[{"@type":"WebPage","@id":"https:\/\/multiagua.cl\/quimicos\/producto\/truex-elite-liquid-series\/","url":"https:\/\/multiagua.cl\/quimicos\/producto\/truex-elite-liquid-series\/","name":"Truex Elite Liquid Series - Multiagua Qu\u00edmicos","isPartOf":{"@id":"https:\/\/multiagua.cl\/quimicos\/#website"},"primaryImageOfPage":{"@id":"https:\/\/multiagua.cl\/quimicos\/producto\/truex-elite-liquid-series\/#primaryimage"},"image":{"@id":"https:\/\/multiagua.cl\/quimicos\/producto\/truex-elite-liquid-series\/#primaryimage"},"thumbnailUrl":"https:\/\/multiagua.cl\/quimicos\/wp-content\/uploads\/2025\/06\/pixelcut-export-2025-07-25T130931.446.png","datePublished":"2025-06-06T13:55:05+00:00","dateModified":"2025-07-28T20:01:27+00:00","breadcrumb":{"@id":"https:\/\/multiagua.cl\/quimicos\/producto\/truex-elite-liquid-series\/#breadcrumb"},"inLanguage":"es","potentialAction":[{"@type":"ReadAction","target":["https:\/\/multiagua.cl\/quimicos\/producto\/truex-elite-liquid-series\/"]}]},{"@type":"ImageObject","inLanguage":"es","@id":"https:\/\/multiagua.cl\/quimicos\/producto\/truex-elite-liquid-series\/#primaryimage","url":"https:\/\/multiagua.cl\/quimicos\/wp-content\/uploads\/2025\/06\/pixelcut-export-2025-07-25T130931.446.png","contentUrl":"https:\/\/multiagua.cl\/quimicos\/wp-content\/uploads\/2025\/06\/pixelcut-export-2025-07-25T130931.446.png","width":1080,"height":1080},{"@type":"BreadcrumbList","@id":"https:\/\/multiagua.cl\/quimicos\/producto\/truex-elite-liquid-series\/#breadcrumb","itemListElement":[{"@type":"ListItem","position":1,"name":"Portada","item":"https:\/\/multiagua.cl\/quimicos\/"},{"@type":"ListItem","position":2,"name":"Productos","item":"https:\/\/multiagua.cl\/quimicos\/tienda\/"},{"@type":"ListItem","position":3,"name":"Truex Elite Liquid Series"}]},{"@type":"WebSite","@id":"https:\/\/multiagua.cl\/quimicos\/#website","url":"https:\/\/multiagua.cl\/quimicos\/","name":"Multiagua Qu\u00edmicos","description":"Desodorantes para ba\u00f1os quimicos y sanitarios portatiles","potentialAction":[{"@type":"SearchAction","target":{"@type":"EntryPoint","urlTemplate":"https:\/\/multiagua.cl\/quimicos\/?s={search_term_string}"},"query-input":{"@type":"PropertyValueSpecification","valueRequired":true,"valueName":"search_term_string"}}],"inLanguage":"es"}]}},"_links":{"self":[{"href":"https:\/\/multiagua.cl\/quimicos\/wp-json\/wp\/v2\/product\/1541","targetHints":{"allow":["GET"]}}],"collection":[{"href":"https:\/\/multiagua.cl\/quimicos\/wp-json\/wp\/v2\/product"}],"about":[{"href":"https:\/\/multiagua.cl\/quimicos\/wp-json\/wp\/v2\/types\/product"}],"version-history":[{"count":1,"href":"https:\/\/multiagua.cl\/quimicos\/wp-json\/wp\/v2\/product\/1541\/revisions"}],"predecessor-version":[{"id":1570,"href":"https:\/\/multiagua.cl\/quimicos\/wp-json\/wp\/v2\/product\/1541\/revisions\/1570"}],"wp:featuredmedia":[{"embeddable":true,"href":"https:\/\/multiagua.cl\/quimicos\/wp-json\/wp\/v2\/media\/1814"}],"wp:attachment":[{"href":"https:\/\/multiagua.cl\/quimicos\/wp-json\/wp\/v2\/media?parent=1541"}],"wp:term":[{"taxonomy":"product_brand","embeddable":true,"href":"https:\/\/multiagua.cl\/quimicos\/wp-json\/wp\/v2\/product_brand?post=1541"},{"taxonomy":"product_cat","embeddable":true,"href":"https:\/\/multiagua.cl\/quimicos\/wp-json\/wp\/v2\/product_cat?post=1541"},{"taxonomy":"product_tag","embeddable":true,"href":"https:\/\/multiagua.cl\/quimicos\/wp-json\/wp\/v2\/product_tag?post=1541"}],"curies":[{"name":"wp","href":"https:\/\/api.w.org\/{rel}","templated":true}]}}